- x. Let r be s(m). Calculate the highest common divisor of h and r.
4
Let j(k) = -2*k**2 + 161*k - 1441. Let o be j(70). Calculate the greatest common factor of o and 10237.
29
Suppose -3*x + 109 = 4*k, 0*x - k + 81 = 2*x. Let v be 4*(2 + (-5)/4). What is the highest common divisor of v and x?
1
Let n = -1903 + 2430. What is the highest common factor of 221 and n?
17
Suppose 20*f - 36 = 11*f. Suppose -4*r + 5*r = 5*z + 330, 5*r = -f*z + 1592. Calculate the highest common divisor of 40 and r.
40
Let z = 3754 - 3583. What is the highest common divisor of z and 893?
19
Suppose -346 - 142 = 20*k - 4768. What is the highest common factor of k and 16?
2
Let w(n) = 32*n**2 + 384*n - 25. Let a be w(-14). What is the greatest common divisor of a and 91?
13
Suppose 0 = -35*y + 8537 + 18413. What is the greatest common factor of 42 and y?
14
Suppose 0 = -29*h + 121*h - 2852. Calculate the highest common factor of h and 93.
31
Let y = 22 + -12. Suppose 4*q - 16 = 4*o, -3*o + 6*o + 6 = 0. Let g(l) = 50*l - 20. Let w be g(q). What is the highest common divisor of y and w?
10
Suppose 0 = -10*v + 107 + 53. Let a = v + -8. Let d be 54/4 - 20/a. What is the highest common divisor of d and 198?
11
Suppose 44*i = -3*g + 47*i + 43839, -43859 = -3*g - 2*i. What is the highest common divisor of 94 and g?
47
Let f(m) = 3*m**3 + 7*m**2 + 3*m. Let c be f(-3). Let i be (-3)/c + (-350)/(-9). Calculate the highest common divisor of i and 481.
13
Let o be 39/13 + (265 - -1) + 2. Let f = 322 - o. Suppose -2*w = -1146 + 24. What is the greatest common divisor of w and f?
51
Let r = 96 + -82. Let q(n) = 12*n - 102. Let w be q(r). What is the highest common divisor of 660 and w?
66
Suppose 0 = -2*c + 2, 5*c - 360 = -336*d + 335*d. Calculate the highest common factor of d and 781.
71
Suppose -2*w - 228 = -2*g, 2 = 2*w - 10. Calculate the greatest common divisor of 102 and g.
6
Let c(w) = w + 2. Let f be c(-4). Let a be 900/8 + 1/f. Let t(q) = -q**2 + 2*q + 14. Let l be t(0). Calculate the highest common factor of a and l.
14
Suppose r - 31*r = -19710. Suppose 4*h - 250 = -2*g, -2*h + r = -7*g + 12*g. What is the greatest common factor of 7 and g?
7
Let j = -319 + 471. What is the greatest common divisor of 228 and j?
76
Let o(p) = 1291*p - 3820. Let y be o(3). What is the greatest common divisor of y and 3392?
53
Let f(z) = -123*z - 163. Let x be f(-10). Calculate the highest common divisor of 55 and x.
11
Let j(h) = h**3 + 24*h**2 + 24*h + 28. Suppose 7*c - 92 = 11*c. Let x be j(c). What is the highest common factor of x and 4?
1
Suppose 0 = -5*m - 8 - 202. Let x = m - -43. What is the highest common factor of x and 1?
1
Suppose v + 4 = -j + 6*v, 2*j = -3*v + 57. Suppose h - j*h + 700 = 0. Let q be -1 - -5 - 2 - -12. Calculate the highest common factor of h and q.
7
Let t(k) = -5*k**2 + 6*k - 7. Let u be t(1). Let s be 21 + (u/(-30))/(2/20). What is the greatest common factor of 184 and s?
23
Suppose -107 = -7*o - 30. Let r be ((-40)/25)/(-3 + 13/5). Suppose -r*u + 64 = -5*n, 4*n = 2*u - u - 27. What is the greatest common divisor of o and u?
11
Let d be (-567)/4*-4*2/3. Suppose -d = 5*m - 1878. What is the greatest common factor of 120 and m?
60
Let p(i) be the second derivative of 2*i**3/3 - i**2 + i. Let f be 4/16 - 30/(-8). Let n be p(f). What is the highest common divisor of 112 and n?
14
Let k = 4626 + -688. Calculate the greatest common factor of k and 77.
11
Let v be 3/((-30)/(-40)) + -1 + -5 - -7. Calculate the highest common factor of 685 and v.
5
Let v be 1023 - (-1 + ((-10)/3)/((-105)/252)). Calculate the greatest common factor of 5334 and v.
254
Let m = -438 + 993. Let s = m - 533. What is the greatest common divisor of s and 4?
2
Let j be (-8)/(((-1)/(-22))/(-1)). Suppose 13*o = 27*o + 1862. Let g = 155 + o. Calculate the highest common factor of g and j.
22
Let l(j) = -j**2 - 3*j + 3. Let x = -62 + 57. Let n be l(x). Let i(c) = -2*c**2 - 12*c + 17. Let u be i(n). What is the greatest common factor of 33 and u?
3
Let g be 2/((20/(-8))/(-5)). Suppose 0 = 4*f + 2*c - 324, -5*f = g*c - 9*c - 405. Let k = -33 - -60. What is the greatest common divisor of k and f?
27
Let j(z) = z**3 - 80*z**2 + 166*z - 44. Let g be j(78). Calculate the greatest common divisor of g and 115.
23
Suppose 4*u - 17 - 35 = 0. Suppose -8*x - 2*t = -6*x - 22, -30 = -2*x + 2*t. Calculate the greatest common factor of x and u.
13
Suppose -2*m - 9 + 56 = -3*f, -3*f = 15. Let x be (1/(12/m))/(4/96). Let d = -2 + 4. Calculate the greatest common factor of d and x.
2
Suppose -69*y = -75*y + 108. Suppose -3*m - 2*m = 0, 2*f + 2*m = 720. What is the highest common divisor of f and y?
18
Let z(q) = 12*q**2 - 644*q - 20. Let d be z(55). Let h be (-15)/(-4)*((-32)/6)/(-1). What is the highest common divisor of h and d?
20
Suppose 7*h + 47*h - 17958 = -28*h. Calculate the greatest common divisor of 12 and h.
3
Let z = -751 - -529. Let o be z/(-48) - (-3)/8. What is the highest common factor of 265 and o?
5
Let f be -54837*11*(-1)/33. Calculate the greatest common factor of 54 and f.
27
Suppose 24*d = 25*d + 5*b - 395, -4*d = 3*b - 1580. What is the highest common divisor of 1896 and d?
79
Let z(h) = -98*h - 690. Let s be z(-23). What is the highest common factor of 68 and s?
68
Suppose -2*k + 0 + 4 = 0. Let z(c) = -k + 5 - 3*c + 3 + 5. Let y be z(3). What is the greatest common factor of y and 22?
2
Let y be ((5 - -44) + (-36)/(-4))/2. What is the highest common divisor of 7221 and y?
29
Let p = -3 - -1. Let s = p + 4. Let w be -15*22/(-2475) - 148/(-15). What is the greatest common factor of s and w?
2
Let b = -58 - -52. Let j be (-1 - -3)/(b + 4) + 5. Suppose -116 - 144 = -j*x. Calculate the highest common factor of x and 13.
13
Suppose -5*n + 3*g = -18157 + 964, 2*n - 6877 = g. What is the greatest common divisor of 2674 and n?
382
Let x be (52 - 0)*(84/(-147) - (-253)/14). Calculate the greatest common divisor of 1144 and x.
26
Suppose -12*b - 16048 = -46*b. Let l(h) = -h**3 - 16*h**2 - 20*h - 16. Let s be l(-15). Calculate the highest common factor of b and s.
59
Let a = -31192 - -31254. Calculate the greatest common factor of a and 22754.
62
Let d = 451 - 441. Let b be (-1 - d/(-4))*31248/189. Calculate the greatest common divisor of b and 16.
8
Suppose -3*c = -3*t + 1278, 5*c - 1695 = 19*t - 23*t. Calculate the greatest common divisor of t and 10.
5
Let x(v) = -v**3 + 20*v**2 + 45*v - 25. Let k be x(21). Let b = -460 + k. What is the highest common factor of 494 and b?
19
Let w be -4 + (298194/27 - 14/63). Calculate the highest common divisor of 40 and w.
40
Suppose -4*b = 3*r + 1, -5*r + 6 = 3*b - 7. Suppose -17*s = -r*s. Suppose f + 13 = 4*v, 3*v + s*v - 4*f = 0. Calculate the greatest common divisor of v and 32.
4
Let m = -17 - -23. Let r be (26 - -1)/((-36)/(-72)). Calculate the greatest common factor of r and m.
6
Let y be (-1088)/(-408) + 476/6. Let c be (3*41)/(6/(-12)). Let v be ((-9)/6)/(3/c). Calculate the highest common factor of y and v.
41
Suppose -5*j - 2*f = f + 309, -2*f + 130 = -2*j. Let s = 76 + j. Calculate the greatest common divisor of s and 1.
1
Let a = -8 + 13. Let u(t) = 7*t - 7. Let k be u(a). Suppose -v + 7 = 0, 162*p - 166*p + 147 = -3*v. What is the highest common divisor of k and p?
14
Suppose 3*l + 2*u - 44 = 0, 2*u = 2*l + 4 - 40. Let v be (1 - 4/8)*l. Calculate the greatest common factor of 12 and v.
4
Let s = 32 + -24. Suppose s*p - 1 = 15. Let h be p/(-7)*(-90 - -13). What is the highest common divisor of 11 and h?
11
Suppose 115194 - 4798 = 2*c + 2*c. What is the greatest common divisor of 11 and c?
11
Suppose 3*f = 2*f + 6. Let k(w) = -f*w**3 - 27 + w + 26 + 0*w. Let z be k(-2). What is the greatest common factor of 15 and z?
15
Suppose 474 = w - 6*w - 2*l, 2*w + 5*l = -198. Let c(y) = 11*y**2 + 67*y - 34. Let b be c(-7). Let d = b - w. Calculate the greatest common divisor of 13 and d.
13
Let o(d) = 1338*d + 3430. Let m be o(0). What is the highest common divisor of m and 70?
70
Let j(x) = 2*x**2 + 24*x - 284. Let k be j(-25). Let v = k - 318. Calculate the greatest common divisor of 256 and v.
16
Let t(l) be the third derivative of l**4/4 - 29*l**3/3 - 35*l**2 - l. Let m be t(16). What is the highest common divisor of 190 and m?
38
Let v = -3459 + 3549. C